et r(j) = 36*j**3 + 718*j**2 - 39*j - 30. Calculate r(-20).
-50
Let r(z) = -19890*z - 119389. Give r(-6).
-49
Let j(d) = -d**2 - 137231*d - 5350485. What is j(-39)?
3
Let h(w) = 9*w**2 + 4551*w + 22709. Determine h(-5).
179
Let l(h) = -3792*h - 49312. What is l(-13)?
-16
Let p(a) = a**3 + 45*a**2 - 315*a + 178. What is p(-51)?
637
Let f(a) = 291*a**2 - 10015*a + 4244. Determine f(34).
130
Let b(f) = 1299*f + 20762. Give b(-16).
-22
Let o(l) = -l**3 - 471*l**2 - 4546*l + 29507. Determine o(-461).
3
Let t(w) = 5*w**2 + 1581*w + 94552. Calculate t(-236).
-84
Let x(t) = -t**3 - 46*t**2 - 101*t + 252. Give x(-43).
-952
Let s(z) = 2*z**2 + 176*z + 1201. Give s(-6).
217
Let i(z) = 2*z**2 - 532*z - 17830. Determine i(296).
-70
Let m(l) = 5*l**3 - 87*l**2 - 275*l + 28. What is m(20)?
-272
Let x(t) = -t**3 - 10*t**2 + 413*t + 3321. Determine x(-8).
-111
Let w(m) = m**3 - 5*m**2 - 388*m - 169. What is w(-17)?
69
Let v(r) = 44*r - 463. What is v(0)?
-463
Let x(r) = -r + 103. What is x(-13)?
116
Let v(i) = -i**3 - 9*i**2 - 12*i + 12. Determine v(-4).
-20
Let o(c) = c**3 + 48*c**2 - 9425*c + 207. Give o(76).
131
Let b(y) = 4053*y - 690. Determine b(0).
-690
Let s(r) = -56325*r + 2253005. What is s(40)?
5
Let m(i) = -i**2 - 582192*i + 3. Calculate m(0).
3
Let o(x) = 919*x + 3839. What is o(-4)?
163
Let m(c) = -52221*c + 104526. Give m(2).
84
Let p(o) = -20*o**2 + 464*o + 1938. Calculate p(27).
-114
Let d(s) = -478*s**2 + 2674*s - 30. Determine d(6).
-1194
Let w(y) = -y**3 - 107*y**2 + 3006*y + 173529. Calculate w(-120).
9
Let a(u) = -u**2 - 136*u + 10879. Give a(56).
127
Let j(l) = -84*l**2 + 671*l + 121. Give j(10).
-1569
Let j(y) = 11900*y + 3700977. Calculate j(-311).
77
Let a(k) = 11904*k - 738055. Calculate a(62).
-7
Let o(k) = 2488*k - 139473. Give o(56).
-145
Let u(p) = -41*p**3 + 8*p**2 - 44*p - 50. Determine u(-1).
43
Let p(r) = r**2 - 672*r - 370082. Determine p(-359).
47
Let a(s) = s**3 + 3*s**2 - 45*s + 262. Calculate a(6).
316
Let p(x) = -2*x**2 + 618*x - 36346. Give p(230).
-6
Let b(f) = -f**3 - 1617*f**2 + 69679*f - 45. Give b(42).
-3
Let i(j) = -257286*j - 771931. What is i(-3)?
-73
Let p(o) = 5*o**3 - 98*o**2 - 3*o + 352. What is p(20)?
1092
Let s(o) = o**2 + 580787*o + 4065470. What is s(-7)?
10
Let z(j) = j**3 - 26*j**2 - 227*j + 6246. Give z(25).
-54
Let t(p) = -167*p**3 - p**2 - p + 8. What is t(-2)?
1342
Let t(o) = -o**2 - 472957*o + 2364811. What is t(5)?
1
Let p(v) = v**3 - 3*v**2 + 6690*v + 13377. Calculate p(-2).
-23
Let i(a) = 2*a**2 - 403*a - 37842. What is i(-70)?
168
Let q(p) = -41*p**2 - 154*p - 2. Calculate q(4).
-1274
Let l(x) = -4*x**3 + 1589*x**2 - 399*x + 795. Determine l(397).
1
Let k(g) = 176*g + 21878. What is k(-124)?
54
Let v(n) = -2*n**3 + 52*n**2 - 61*n + 1564. What is v(26)?
-22
Let s(q) = 2*q**3 + 128*q**2 + 63*q + 4228. Determine s(-64).
196
Let w(o) = -2*o**3 + 194*o**2 - 329*o - 4854. What is w(95)?
-9
Let s(x) = x**2 - 608*x + 89280. Calculate s(248).
0
Let f(p) = p**3 + 2*p**2 + 890*p - 10036. What is f(10)?
64
Let x(v) = -17*v**2 + 220*v - 902. Give x(4).
-294
Let l(h) = -28*h**2 - 10218*h + 11173. Determine l(-366).
193
Let c(s) = -s**2 + 3*s + 1497. What is c(-36)?
93
Let k(d) = -8015*d + 136264. Calculate k(17).
9
Let v(y) = -y**3 - 186*y**2 + 349*y - 4916. Determine v(-188).
160
Let f(s) = s**2 - 1458*s + 151974. What is f(113)?
-11
Let o(c) = -7467*c + 321090. Calculate o(43).
9
Let a(y) = -12244*y + 72763. Give a(6).
-701
Let b(z) = -2*z**2 + 597*z - 40708. Calculate b(106).
102
Let q(h) = 59*h**2 + 95*h + 504. Give q(-5).
1504
Let c(d) = -61*d**2 - 15610*d + 877. Give c(-256).
-659
Let o(h) = 92*h - 21358. Determine o(233).
78
Let q(o) = -o**2 + 143*o + 7628. Determine q(186).
-370
Let n(v) = -24090*v - 409463. What is n(-17)?
67
Let m(b) = 4*b**3 - 988*b**2 - 19119*b + 10292. Calculate m(265).
-43
Let f(i) = -2*i**2 + 37012*i + 481484. Calculate f(-13).
-10
Let w(l) = -2*l**3 - 30*l**2 - 35*l - 248. What is w(-12)?
-692
Let u(d) = 1478*d**2 - 79811*d - 59. Determine u(54).
-5
Let c(w) = -961*w - 30331. Calculate c(-31).
-540
Let w(t) = t**2 + 186*t - 7465. Calculate w(33).
-238
Let x(s) = -s**3 - 21*s**2 + 1743*s + 37870. Calculate x(-22).
8
Let t(b) = -31*b**2 + 551*b + 1935. Determine t(-3).
3
Let z(l) = l**2 + 53*l - 5772. Give z(-107).
6
Let r(z) = -2*z**2 - 4578*z + 27579. Calculate r(6).
39
Let t(y) = -818*y - 12362. Determine t(-15).
-92
Let l(g) = -19*g + 3091. Determine l(-63).
4288
Let v(w) = -5*w**3 - 92*w**2 + 1156*w + 21049. Calculate v(-19).
168
Let z(x) = -x**2 - 73*x + 43362. Determine z(-248).
-38
Let m(t) = 12399*t + 49587. Determine m(-4).
-9
Let l(i) = -83*i**2 - 5065*i - 124. What is l(-61)?
-2
Let n(y) = y**2 - 57*y - 30842. What is n(200)?
-2242
Let m(n) = n**3 - 7*n**2 - 252*n + 509. What is m(2)?
-15
Let z(w) = 67*w**2 - 983*w - 337. Determine z(15).
-7
Let n(p) = p**2 - 157*p + 2679. What is n(138)?
57
Let q(s) = -s**3 - 19*s**2 + 103*s - 38. Calculate q(-24).
370
Let d(j) = -22*j**2 + 92*j - 480. Calculate d(5).
-570
Let k(x) = 923*x - 3766. Give k(4).
-74
Let l(q) = -3027*q - 248. Determine l(0).
-248
Let p(n) = 5*n**3 + 12*n**2 - 127*n + 6. Calculate p(-7).
-232
Let q(r) = -8*r**2 - 78*r - 370. What is q(-11)?
-480
Let i(t) = 2*t**3 - 12*t**2 + 166*t - 808. Calculate i(6).
188
Let n(g) = -g**2 - 9071*g - 99644. What is n(-11)?
16
Let p(x) = -4*x**2 - 6064*x + 204475. What is p(33)?
7
Let r(o) = 34030*o + 18206048. Calculate r(-535).
-2
Let u(n) = 24402*n - 60419351. Determine u(2476).
1
Let g(y) = 239*y - 157250. Calculate g(658).
12
Let f(o) = 32*o**2 + 2047*o - 83. Calculate f(-64).
-19
Let g(s) = 5*s**3 + 229*s**2 - 85*s - 1803. Give g(-46).
-9
Let r(a) = 137*a - 1056. Determine r(12).
588
Let p(u) = u**3 - 833*u**2 - 3209*u - 116349. What is p(837)?
-6
Let i(p) = -1685*p - 14544. Calculate i(-9).
621
Let t(f) = -f**2 - 211*f + 22941. What is t(-291)?
-339
Let g(a) = -1058*a**2 + 332212*a + 9. Calculate g(314).
9
Let c(g) = 113526*g + 1816415. What is c(-16)?
-1
Let d(h) = 232*h**2 - 53360*h + 147. Determine d(230).
147
Let k(g) = -14764*g + 16328995. Determine k(1106).
11
Let b(p) = -p**3 + 12*p**2 - 3364*p + 40353. Calculate b(12).
-15
Let d(j) = -4*j**3 - 35*j**2 - 135*j - 34. What is d(-5)?
266
Let y(d) = -574*d + 85. Calculate y(1).
-489
Let i(y) = 312*y + 22. Give i(3).
958
Let x(k) = -18*k**3 + 10801*k**2 - 597*k - 1770. Give x(600).
30
Let t(c) = c**3 - 280*c**2 + 1063*c + 11312. Calculate t(276).
-4
Let n(z) = -6*z**3 + 18*z**2 + 116*z + 61. Determine n(-5).
681
Let k(p) = -40*p**2 + 87*p + 153. What is k(0)?
153
Let m(v) = 1526*v - 173622. Calculate m(111).
-4236
Let t(r) = -20602*r + 1648130. What is t(80)?
-30
Let g(d) = -d**3 - 17*d**2 + 1089*d + 6930. Determine g(-6).
0
Let g(h) = 3117*h + 65465. Determine g(-21).
8
Let t(p) = 3*p**3 - 88*p**2 - 8002*p + 232886. Determine t(29).
-13
Let t(o) = 14300*o + 986698. Determine t(-69).
-2
Let p(m) = -24*m**2 + 15553*m - 31705. What is p(646)?
-51
Let o(f) = -4*f**2 + 164*f - 1622. What is o(14)?
-110
Let w(z) = 171583*z - 6176977. What is w(36)?
11
Let q(l) = 31572*l + 4009628. Determine q(-127).
-16
Let t(l) = -4*l**3 - 24*l**2 - 97*l - 442. Determine t(-6).
140
Let m(b) = -b**3 - 144*b**2 - 4539*b - 22264. Calculate m(-6).
2
Let p(i) = -2*i**2 - 24*i + 2735. What is p(-53)?
-1611
Let a(s) = s**2 - 515*s - 121477. Determine a(-177).
1007
Let d(w) = 2*w**2 + 555*w + 16662. Determine d(-34).
104
Let v(y) = y**3 + 726*y**2 - 3694*y - 28490. Determine v(-731).
19
Let a(n) = 8*n**3 - 83*n**2 - 195*n + 582. Calculate a(12).
114
Let h(l) = 47*l**2 - 5923*l + 296. What is h(126)?
170
Let h(i) = -249*i**2 - 95*i - 29. Calculate h(-2).
-835
Let y(h) = -h**3 - 112*h**2 - 176*h - 7226. Determine y(-111).
-11
Let w(d) = -d**3 + 3*d**2 - 16572*d + 49718. Calculate w(3).
2
Let t(s) = -s**3 - 89*s**2 + 125*s + 2763. Determine t(-90).
-387
Let k(h) = -147*h**2 + 35570*h + 1182. Calculate k(242).
214
Let n(o) = -18187*o + 563721. Calculate n(31).
-76
Let p(l) = 105*l**2 - 2852*l + 226. What is p(27)?
-233
Let m(d) = 3*d**3 - 251*d**2 + 488*d + 8. Determine m(2).
4
Let v(p) = p**3 + 263*p**2 + 780*p - 12. Calculate v(-260).
-12
Let m(p) = 85*p - 2005. Determine m(22).
-135
Let r(d) = 16797*d + 167937. What is r(-10)?
-33
Let